{"id":12,"date":"2018-06-27T14:56:54","date_gmt":"2018-06-27T12:56:54","guid":{"rendered":"http:\/\/notredamedestremy.be\/?page_id=12"},"modified":"2025-11-03T10:55:03","modified_gmt":"2025-11-03T09:55:03","slug":"home","status":"publish","type":"page","link":"https:\/\/notredamedestremy.be\/","title":{"rendered":"PR\u00c9SENTATION :"},"content":{"rendered":"\n<p>Nous vous souhaitons la bienvenue dans notre \u00e9tablissement organis\u00e9 sur deux sites.<\/p>\n\n\n\n<p>Pour votre enfant, nous esp\u00e9rons une scolarit\u00e9 \u00e9panouie et un d\u00e9veloppement harmonieux.<br>Nous nous efforcerons de lui procurer un enseignement de qualit\u00e9 int\u00e9gr\u00e9 dans une politique de d\u00e9veloppement global et soucieux des valeurs chr\u00e9tiennes.<\/p>\n\n\n\n<p>Accueil, respect de l&rsquo;autre, conscience professionnelle, \u00e9coute, disponibilit\u00e9 seront nos r\u00e9f\u00e9rences tout au long de votre s\u00e9jour parmi nous.<br>Ici, vous trouverez tous les renseignements pratiques dont vous aurez besoin pour bien vivre dans notre grande famille.<\/p>\n\n\n\n<p class=\"has-text-align-right\">Maria Grattagliano, directrice.<\/p>\n\n\n\n<hr class=\"wp-block-separator has-css-opacity\"\/>\n\n\n\n<figure class=\"wp-block-image size-full\"><img decoding=\"async\" loading=\"lazy\" width=\"477\" height=\"848\" src=\"http:\/\/notredamedestremy.be\/wp-content\/uploads\/2024\/06\/Capture-decran-2024-06-24-085255.png\" alt=\"\" class=\"wp-image-3844\" srcset=\"https:\/\/notredamedestremy.be\/wp-content\/uploads\/2024\/06\/Capture-decran-2024-06-24-085255.png 477w, https:\/\/notredamedestremy.be\/wp-content\/uploads\/2024\/06\/Capture-decran-2024-06-24-085255-169x300.png 169w\" sizes=\"(max-width: 477px) 100vw, 477px\" \/><\/figure>\n\n\n\n<h4 class=\"wp-block-heading\">Informations pratiques :<\/h4>\n\n\n\n<ul>\n<li><span style=\"color: #ff6600;\">\u00c9cole Notre-Dame de Saint-Remy<\/span> :<\/li>\n<\/ul>\n\n\n\n<p><strong><em>Adresse<\/em><\/strong>&nbsp;:<\/p>\n\n\n\n<p>13, Voie du Pont<br>4672 Saint-Remy<\/p>\n\n\n\n<p><strong><em>T\u00e9l\u00e9phone<\/em>&nbsp;<\/strong>: 04 387 62 65<\/p>\n\n\n\n<p><strong><em>Gsm<\/em> <\/strong>: 0479\/03.52.17<\/p>\n\n\n\n<p><strong>L&rsquo;\u00e9cole est ouverte<\/strong> : du lundi au vendredi de 07h 00 \u00e0 18h 00<br><strong>Le mercredi<\/strong> : de 07h 00 \u00e0 18h00<br><strong>Surveillance assur\u00e9e par les enseignants&nbsp;<\/strong>: De 08h 15 \u00e0 8h 30<br><strong>Classe assur\u00e9e<\/strong> : De 8h 30 \u00e0 12h 15<br><strong>Repas et temps de d\u00e9tente<\/strong> : De 12h 15 \u00e0 13h 40<br><strong>Classe assur\u00e9e<\/strong> : De 13h 40 \u00e0 15h 30<br><strong>Garderie<\/strong> :&nbsp; De 16h00 \u00e0 18 h 00<\/p>\n\n\n\n<p>Pr\u00e9sentation en vid\u00e9o :&nbsp; <a href=\"https:\/\/youtu.be\/AcGhyO9Qk3k\">https:\/\/youtu.be\/AcGhyO9Qk3k<\/a><\/p>\n\n\n\n<ul>\n<li><span style=\"color: #ff6600;\">\u00c9cole Saint-Joseph de Cheratte<\/span> :<\/li>\n<\/ul>\n\n\n\n<p><strong><em>Adresse<\/em><\/strong> :<\/p>\n\n\n\n<p>21, Rue de L&rsquo;\u00c9glise<br>4602 Cheratte<\/p>\n\n\n\n<p><em><strong>T\u00e9l\u00e9phone<\/strong><\/em> : 04 362 21 03<\/p>\n\n\n\n<p><strong>L&rsquo;\u00e9cole est ouverte<\/strong> : du lundi au vendredi de 07h 00 \u00e0 18h 00<br><strong>Le mercredi<\/strong> : de 07h 00 \u00e0 13h 30<br><strong>Surveillance assur\u00e9e par les enseignants<\/strong> : De 8h 00 \u00e0 8h 25<br><strong>Classe assur\u00e9e<\/strong> : De 8h 25 \u00e0 12h 05<br><strong>Repas et temps de d\u00e9tente<\/strong> : De 12h 15 \u00e0 13h 30<br><strong>Classe assur\u00e9e<\/strong> : De 13h 30 \u00e0 15h 15<br><strong>Garderie<\/strong> : De 15h 45 \u00e0 18h 00<\/p>\n\n\n\n<p>Pr\u00e9sentation en vid\u00e9o : <a href=\"https:\/\/youtu.be\/WwZZU6CvJRg\">https:\/\/youtu.be\/WwZZU6CvJRg<\/a><\/p>\n","protected":false},"excerpt":{"rendered":"<p>Nous vous souhaitons la bienvenue dans notre \u00e9tablissement organis\u00e9 sur deux sites. Pour votre enfant, nous esp\u00e9rons une scolarit\u00e9 \u00e9panouie et un d\u00e9veloppement harmonieux.Nous nous efforcerons de lui procurer un enseignement de qualit\u00e9 int\u00e9gr\u00e9 dans une politique de d\u00e9veloppement global et soucieux des valeurs chr\u00e9tiennes. Accueil, respect de l&rsquo;autre, conscience professionnelle, \u00e9coute, disponibilit\u00e9 seront nos &hellip; <\/p>\n<p class=\"link-more\"><a href=\"https:\/\/notredamedestremy.be\/\" class=\"more-link\">Continuer la lecture<span class=\"screen-reader-text\"> de &laquo;&nbsp;PR\u00c9SENTATION :&nbsp;&raquo;<\/span><\/a><\/p>\n","protected":false},"author":3,"featured_media":0,"parent":0,"menu_order":0,"comment_status":"closed","ping_status":"closed","template":"","meta":{"ngg_post_thumbnail":0},"_links":{"self":[{"href":"https:\/\/notredamedestremy.be\/index.php?rest_route=\/wp\/v2\/pages\/12"}],"collection":[{"href":"https:\/\/notredamedestremy.be\/index.php?rest_route=\/wp\/v2\/pages"}],"about":[{"href":"https:\/\/notredamedestremy.be\/index.php?rest_route=\/wp\/v2\/types\/page"}],"author":[{"embeddable":true,"href":"https:\/\/notredamedestremy.be\/index.php?rest_route=\/wp\/v2\/users\/3"}],"replies":[{"embeddable":true,"href":"https:\/\/notredamedestremy.be\/index.php?rest_route=%2Fwp%2Fv2%2Fcomments&post=12"}],"version-history":[{"count":28,"href":"https:\/\/notredamedestremy.be\/index.php?rest_route=\/wp\/v2\/pages\/12\/revisions"}],"predecessor-version":[{"id":4242,"href":"https:\/\/notredamedestremy.be\/index.php?rest_route=\/wp\/v2\/pages\/12\/revisions\/4242"}],"wp:attachment":[{"href":"https:\/\/notredamedestremy.be\/index.php?rest_route=%2Fwp%2Fv2%2Fmedia&parent=12"}],"curies":[{"name":"wp","href":"https:\/\/api.w.org\/{rel}","templated":true}]}}